{"id":626,"date":"2023-12-20T10:05:46","date_gmt":"2023-12-20T13:05:46","guid":{"rendered":"https:\/\/carla-tavares.com\/?post_type=projetos&#038;p=626"},"modified":"2023-12-20T13:53:57","modified_gmt":"2023-12-20T16:53:57","slug":"fonte-da-saudade","status":"publish","type":"projetos","link":"https:\/\/carla-tavares.com\/en\/projetos\/fonte-da-saudade\/","title":{"rendered":"Fonte da Saudade"},"content":{"rendered":"\n<p>O apartamento de 120m\u00b2 que guarda as mem\u00f3rias da fam\u00edlia e apresentava caracter\u00edsticas predominantes dos anos 60 foi todo remodelado para ganhar uma nova vida.<\/p>\n\n\n\n<p>Os tons neutros e o uso da madeira no mobili\u00e1rio foram os elementos que orientaram o projeto. A decora\u00e7\u00e3o do apartamento recebeu pe\u00e7as vintages da fam\u00edlia criando um ambiente cheio de hist\u00f3rias e ao mesmo tempo contempor\u00e2neo.<\/p>\n","protected":false},"excerpt":{"rendered":"<p>O apartamento de 120m\u00b2 que guarda as mem\u00f3rias da fam\u00edlia e apresentava caracter\u00edsticas predominantes dos anos 60 foi todo remodelado para ganhar uma nova vida.<\/p>\n<p>Os tons neutros e o uso da madeira no mobili\u00e1rio foram os elementos que orientaram o projeto. A decora\u00e7\u00e3o do apartamento recebeu pe\u00e7as vintages da fam\u00edlia criando um ambiente cheio de hist\u00f3rias e ao mesmo tempo contempor\u00e2neo.<\/p>\n","protected":false},"featured_media":785,"template":"","_links":{"self":[{"href":"https:\/\/carla-tavares.com\/en\/wp-json\/wp\/v2\/projetos\/626"}],"collection":[{"href":"https:\/\/carla-tavares.com\/en\/wp-json\/wp\/v2\/projetos"}],"about":[{"href":"https:\/\/carla-tavares.com\/en\/wp-json\/wp\/v2\/types\/projetos"}],"wp:featuredmedia":[{"embeddable":true,"href":"https:\/\/carla-tavares.com\/en\/wp-json\/wp\/v2\/media\/785"}],"wp:attachment":[{"href":"https:\/\/carla-tavares.com\/en\/wp-json\/wp\/v2\/media?parent=626"}],"curies":[{"name":"wp","href":"https:\/\/api.w.org\/{rel}","templated":true}]}}

<p>O apartamento de 120m² que guarda as memórias da família e apresentava características predominantes dos anos 60 foi todo remodelado para ganhar uma nova vida.</p>



<p>Os tons neutros e o uso da madeira no mobiliário foram os elementos que orientaram o projeto. A decoração do apartamento recebeu peças vintages da família criando um ambiente cheio de histórias e ao mesmo tempo contemporâneo.</p>

<p>O apartamento de 120m² que guarda as memórias da família e apresentava características predominantes dos anos 60 foi todo remodelado para ganhar uma nova vida.</p>
<p>Os tons neutros e o uso da madeira no mobiliário foram os elementos que orientaram o projeto. A decoração do apartamento recebeu peças vintages da família criando um ambiente cheio de histórias e ao mesmo tempo contemporâneo.</p>
