{"id":713,"date":"2023-12-20T13:45:14","date_gmt":"2023-12-20T16:45:14","guid":{"rendered":"https:\/\/carla-tavares.com\/?post_type=projetos&#038;p=713"},"modified":"2023-12-20T13:53:12","modified_gmt":"2023-12-20T16:53:12","slug":"cobertura-gavea","status":"publish","type":"projetos","link":"https:\/\/carla-tavares.com\/en\/projetos\/cobertura-gavea\/","title":{"rendered":"Cobertura G\u00e1vea"},"content":{"rendered":"\n<p>A principal caracter\u00edstica deste projeto foi trazer um ar mais moderno e informal para esta cobertura d\u00faplex no bairro da G\u00e1vea. A vista privilegiada sobre a cidade do Rio de Janeiro foi um elemento inspirador para o projeto.<\/p>\n\n\n\n<p>A integra\u00e7\u00e3o do terra\u00e7o com a sala proporcionou um ambiente amplo, claro e arejado. E no primeiro andar, a parede da sala para a cozinha foi eliminada para integrar os dois ambientes.<\/p>\n","protected":false},"excerpt":{"rendered":"<p>A principal caracter\u00edstica deste projeto foi trazer um ar mais moderno e informal para esta cobertura d\u00faplex no bairro da G\u00e1vea. A vista privilegiada sobre a cidade do Rio de Janeiro foi um elemento inspirador para o projeto.<\/p>\n<p>A integra\u00e7\u00e3o do terra\u00e7o com a sala proporcionou um ambiente amplo, claro e arejado. E no primeiro andar, a parede da sala para a cozinha foi eliminada para integrar os dois ambientes.<\/p>\n","protected":false},"featured_media":774,"template":"","_links":{"self":[{"href":"https:\/\/carla-tavares.com\/en\/wp-json\/wp\/v2\/projetos\/713"}],"collection":[{"href":"https:\/\/carla-tavares.com\/en\/wp-json\/wp\/v2\/projetos"}],"about":[{"href":"https:\/\/carla-tavares.com\/en\/wp-json\/wp\/v2\/types\/projetos"}],"wp:featuredmedia":[{"embeddable":true,"href":"https:\/\/carla-tavares.com\/en\/wp-json\/wp\/v2\/media\/774"}],"wp:attachment":[{"href":"https:\/\/carla-tavares.com\/en\/wp-json\/wp\/v2\/media?parent=713"}],"curies":[{"name":"wp","href":"https:\/\/api.w.org\/{rel}","templated":true}]}}

Cobertura Gávea

<p>A principal característica deste projeto foi trazer um ar mais moderno e informal para esta cobertura dúplex no bairro da Gávea. A vista privilegiada sobre a cidade do Rio de Janeiro foi um elemento inspirador para o projeto.</p>



<p>A integração do terraço com a sala proporcionou um ambiente amplo, claro e arejado. E no primeiro andar, a parede da sala para a cozinha foi eliminada para integrar os dois ambientes.</p>

<p>A principal característica deste projeto foi trazer um ar mais moderno e informal para esta cobertura dúplex no bairro da Gávea. A vista privilegiada sobre a cidade do Rio de Janeiro foi um elemento inspirador para o projeto.</p>
<p>A integração do terraço com a sala proporcionou um ambiente amplo, claro e arejado. E no primeiro andar, a parede da sala para a cozinha foi eliminada para integrar os dois ambientes.</p>
